te the greatest common factor of 83663251 and 475.
19
What is the greatest common factor of 1167 and 48468622?
389
What is the highest common divisor of 66434255 and 15?
5
Calculate the highest common factor of 805840662 and 3102.
3102
Calculate the greatest common factor of 1185087 and 1377.
51
What is the greatest common divisor of 16238052 and 48?
12
What is the greatest common factor of 3845421 and 803?
73
Calculate the greatest common divisor of 100075 and 192175.
25
Calculate the greatest common divisor of 180 and 329797395.
45
What is the greatest common divisor of 223992 and 433161?
1647
What is the highest common divisor of 654 and 211938946?
218
What is the greatest common divisor of 12338080 and 43131?
1307
Calculate the highest common factor of 7097951 and 7.
7
Calculate the highest common divisor of 1514907680 and 29931.
9977
What is the highest common factor of 413544 and 192?
24
Calculate the greatest common factor of 21807708 and 476268.
6708
Calculate the highest common factor of 3185 and 68317535.
65
Calculate the greatest common factor of 443368 and 54479.
157
What is the highest common divisor of 630965 and 4187?
53
Calculate the greatest common factor of 22473 and 31841744.
2497
What is the highest common divisor of 1929624 and 1896?
24
What is the highest common divisor of 23917377 and 165?
33
Calculate the highest common divisor of 100450 and 344225.
1225
What is the highest common divisor of 1178 and 4155829?
31
What is the highest common divisor of 367024 and 4514237?
791
What is the highest common divisor of 2408205 and 51585?
2715
Calculate the highest common factor of 1420 and 6529515.
355
Calculate the greatest common divisor of 285 and 18334221.
57
What is the highest common divisor of 1463653 and 1819?
107
Calculate the highest common divisor of 2368 and 99491520.
2368
What is the highest common factor of 68392 and 1858120?
824
Calculate the highest common divisor of 259095 and 361905.
345
What is the greatest common divisor of 41514 and 6166050?
2442
What is the highest common factor of 1052 and 428260258?
526
What is the highest common divisor of 123065820 and 1020?
60
Calculate the highest common divisor of 35471358 and 8424.
2106
What is the greatest common factor of 34276 and 539191?
41
Calculate the greatest common factor of 13 and 689235001.
13
What is the greatest common divisor of 49864540 and 80?
20
What is the highest common divisor of 86073 and 557817?
39
What is the greatest common divisor of 1268 and 235330022?
634
Calculate the highest common factor of 10320 and 47778504.
1032
What is the greatest common divisor of 80 and 659665?
5
Calculate the highest common factor of 1208 and 1439544.
8
Calculate the greatest common divisor of 175775 and 1513.
89
Calculate the highest common divisor of 1639440 and 45870.
330
What is the highest common factor of 55890 and 8304380?
230
Calculate the highest common divisor of 496 and 46029234.
62
Calculate the greatest common factor of 46000 and 2325875.
2875
What is the highest common factor of 128260 and 636460?
2420
Calculate the greatest common divisor of 38886237 and 39.
39
Calculate the highest common factor of 18 and 7266807.
9
Calculate the greatest common divisor of 163368 and 1926.
18
Calculate the greatest common factor of 772129550 and 46.
46
What is the greatest common factor of 12618 and 9066?
6
What is the highest common factor of 48906 and 248482?
494
Calculate the highest common factor of 1710 and 6653898.
18
Calculate the greatest common factor of 49416 and 18966.
174
What is the greatest common divisor of 24 and 15066444?
12
What is the highest common divisor of 1334 and 838738?
58
What is the greatest common divisor of 124372 and 1842919?
527
Calculate the highest common factor of 492 and 190881732.
492
Calculate the greatest common divisor of 31681408 and 22.
22
What is the greatest common factor of 605710 and 67182910?
5090
Calculate the greatest common factor of 3700 and 135832.
4
Calculate the highest common factor of 68260772 and 4076.
4076
Calculate the highest common factor of 3791427 and 465.
3
Calculate the highest common factor of 54 and 2192298.
6
What is the greatest common factor of 1186263 and 2925?
117
Calculate the highest common factor of 15285724 and 1199.
109
Calculate the highest common divisor of 56763015 and 69915.
885
What is the highest common factor of 760 and 741224?
8
Calculate the greatest common divisor of 292 and 23403508.
292
Calculate the greatest common factor of 1364 and 1700722.
62
Calculate the greatest common factor of 91 and 2041338.
13
What is the greatest common divisor of 39 and 322548?
3
What is the highest common factor of 4148 and 7091618?
34
Calculate the greatest common factor of 50 and 563170660.
10
Calculate the greatest common factor of 21 and 127723.
1
Calculate the highest common divisor of 2453 and 36490159.
223
Calculate the greatest common divisor of 190 and 18120870.
190
What is the highest common divisor of 406750 and 7000?
250
What is the greatest common divisor of 1159920 and 600?
120
What is the highest common divisor of 1717261875 and 9?
9
Calculate the highest common factor of 325780 and 44135.
455
Calculate the greatest common factor of 18212 and 344615.
157
Calculate the greatest common factor of 218 and 14330339.
109
Calculate the greatest common factor of 37852488 and 11718.
1674
Calculate the greatest common factor of 3519 and 649359.
207
What is the greatest common divisor of 23825580 and 90?
30
Calculate the greatest common factor of 792 and 1957560.
264
What is the highest common factor of 1223787 and 186?
93
What is the greatest common factor of 174 and 489536211?
87
What is the greatest common factor of 11825 and 2354594?
473
Calculate the greatest common divisor of 560 and 92050.
70
What is the highest common factor of 61 and 53876542?
61
Calculate the highest common factor of 700480 and 330.
110
Calculate the highest common factor of 40526856 and 1368.
72
Calculate the highest common divisor of 785 and 29345.
5
Calculate the greatest common factor of 11938944 and 144.
48
What is the greatest common factor of 7 and 19064241?
7
Calculate the highest common divisor of 268 and 2866595.
67
Calculate the highest common factor of 928 and 6390788.
116
What is the greatest common factor of 753 and 3248191?
251
What is the greatest common divisor of 39182260 and 2990?
130
What is the greatest common factor of 654 and 158754?
6
Calculate the greatest common factor of 21 and 241667321.
7
What is the highest common factor of 20184325 and 2450?
1225
What is the greatest common divisor of 1986 and 334806831?
993
Calculate the highest common divisor of 35895 and 37005.
15
Calculate the highest common divisor of 88050752 and 1088.
1088
What is the highest common factor of 133672 and 1475166?
4774
What is the highest common divisor of 512 and 8623616?
512
What is the highest common divisor of 780 and 945338?
2
What is the highest common factor of 21271849 and 76?
19
What is the highest common divisor of 24840 and 506028?
12
What is the greatest common factor of 192 and 322803?
3
What is the greatest common factor of 9396 and 235386?
162
What is the highest common factor of 1054 and 51288694?
1054
Calculate the greatest common factor of 51635484 and 3144.
1572
What is the greatest common factor of 65417 and 297?
11
What is the greatest common factor of 13547 and 2765773?
437
What is the greatest common divisor of 12706704 and 6?
6
Calculate the highest common factor of 723 and 228824439.
723
Calculate the greatest common divisor of 68573908 and 52.
52
What is the highest common divisor of 1 and 32987145?
1
What is the greatest common factor of 289307207 and 289?
289
Calculate the highest common divisor of 138271814 and 6.
2
Calculate the greatest common factor of 1007 and 9713522.
1007
What is the highest common divisor of 165991 and 623?
7
Calculate the greatest common factor of 3201636 and 38799.
1437
Calculate the greatest common factor of 13408512 and 5214.
474
Calculate the highest common factor of 3032040 and 935.
55
What is the greatest common divisor of 281 and 707245247?
281
Calculate the greatest common divisor of 3897758 and 6.
2
Calculate the highest common divisor of 1064 an